{"id":1649,"date":"2020-06-14T22:05:06","date_gmt":"2020-06-14T22:05:06","guid":{"rendered":"https:\/\/frmbad.ma\/?page_id=1649"},"modified":"2020-06-24T13:52:11","modified_gmt":"2020-06-24T13:52:11","slug":"licencies-2","status":"publish","type":"page","link":"https:\/\/frmbad.ma\/?page_id=1649","title":{"rendered":"LICENCIES"},"content":{"rendered":"\n<p>Elle compte aujourd\u2019hui environ 2000 adh\u00e9rents et 36 clubs , associations et 5 ligues r\u00e9gionales affili\u00e9es, avec une estimation de 5000 pratiquants au Maroc.<br>Le pyramide des \u00e2ge au Maroc montre une pr\u00e9dominance des jeunes. Pour rappel, les cat\u00e9gories sont:<br>jeunes: de 5 \u00e0 18 ans<br>seniors: de 19 \u00e0 35 ans<br>v\u00e9t\u00e9rans: plus de 35 ans.<br>Nos licenci\u00e9 ont choisi le badminton et\/ou nos Club pour des raisons qui leur sont propres : pour se d\u00e9fouler, parce que leur parents les ont oblig\u00e9 \u00e0 faire du sport, pour que leur corps rivalisent avec ceux des sportifs, pour d\u00e9compresser de leur dure journ\u00e9e de labeur, pour fuir des mauvaises habitudes, pour s&#8217;entra\u00eener ou tout simplement pour voir des gens sympas \u2026 quoi qu\u2019il en soit vous \u00eates la bienvenue ou le bienvenu parmi nous.<br>Parmis nos but d&#8217;or pour vous est de :<br>-Savoir ce qu\u2019est le badminton<br>-Participer dans la vie associative :<br>aux animations sportives organis\u00e9es, qui permettront aux jeunes, aux loisirs et aux comp\u00e9titeurs d\u2019\u00e9changer des volants en toute convivialit\u00e9.<br>aux animations organis\u00e9es p\u00e9riodiquement par votre cher Comit\u00e9 Directeur dans le but de pouvoir se conna\u00eetre autrement que sur un terrain de bad.<br>\u00e0 l\u2019organisation des tournois organis\u00e9s par la f\u00e9d\u00e9ration royale marocaine de Badminton.<br>Pour cela, il nous faudra selon l\u2019importance de l\u2019\u00e9v\u00e8nement, hommes, femmes, parents, enfants pour mettre en place les terrains, arbitrage, faire des courses, tenir la buvette, encourager\u2026<br>Ainsi dans ces cadres-l\u00e0, nous esp\u00e9rons favoriser les rencontres, l\u2019\u00e9change afin de mieux se conna\u00eetre dans l\u2019esprit associatif et solidaire.<\/p>\n\n\n\n<ul><li>Accueillir son prochain :<br>Lui dire \u00ab Bonjour \u00bb (ou \u00ab bonsoir \u00bb le plus souvent)<br>Faire un effort pour int\u00e9grer les nouveaux ou d\u00e9butants qui ont souvent du mal \u00e0 trouver leur place.<br>Ne pas refuser une invitation \u00e0 jouer<br>-Int\u00e9grer tout joueur sans distinction de race et de couleur, de croyance et de religion.<br>-Respecter:<br>les lieux (les gymnases) et le mat\u00e9riel mis \u00e0 disposition.<br>S\u2019\u00e9chauffer un minimum et s\u2019\u00e9tirer en fin de s\u00e9ance, c\u2019est respecter son corps.<br>-Soutenir avec les couleurs du club :<br>-Se tenir inform\u00e9 r\u00e9guli\u00e8rement de la vie de l\u2019association, notamment par le biais :<\/li><\/ul>\n\n\n\n<p>de notre magnifique site internet www.frmbad.ma<br>de Facebook (<a href=\"https:\/\/www.facebook.com\/FRMBAD.MA\/\">https:\/\/www.facebook.com\/FRMBAD.MA\/<\/a>)<br>des membres du Bureau et de son Comit\u00e9 Directeur (vous les reconna\u00eetrez facilement : ils sont sur la page \u00ab Comit\u00e9 Directeur \u2013 contacts \u00bb et sur le trombinoscope \u2013 le lien est \u00e9galement sur la page d\u2019accueil).<\/p>\n","protected":false},"excerpt":{"rendered":"<p>Elle compte aujourd\u2019hui environ 2000 adh\u00e9rents et 36 clubs , associations et 5 ligues r\u00e9gionales affili\u00e9es, avec une estimation de 5000 pratiquants au Maroc.Le pyramide des \u00e2ge au Maroc montre&hellip; <\/p>\n","protected":false},"author":1,"featured_media":0,"parent":0,"menu_order":0,"comment_status":"closed","ping_status":"closed","template":"","meta":[],"_links":{"self":[{"href":"https:\/\/frmbad.ma\/index.php?rest_route=\/wp\/v2\/pages\/1649"}],"collection":[{"href":"https:\/\/frmbad.ma\/index.php?rest_route=\/wp\/v2\/pages"}],"about":[{"href":"https:\/\/frmbad.ma\/index.php?rest_route=\/wp\/v2\/types\/page"}],"author":[{"embeddable":true,"href":"https:\/\/frmbad.ma\/index.php?rest_route=\/wp\/v2\/users\/1"}],"replies":[{"embeddable":true,"href":"https:\/\/frmbad.ma\/index.php?rest_route=%2Fwp%2Fv2%2Fcomments&post=1649"}],"version-history":[{"count":7,"href":"https:\/\/frmbad.ma\/index.php?rest_route=\/wp\/v2\/pages\/1649\/revisions"}],"predecessor-version":[{"id":2018,"href":"https:\/\/frmbad.ma\/index.php?rest_route=\/wp\/v2\/pages\/1649\/revisions\/2018"}],"wp:attachment":[{"href":"https:\/\/frmbad.ma\/index.php?rest_route=%2Fwp%2Fv2%2Fmedia&parent=1649"}],"curies":[{"name":"wp","href":"https:\/\/api.w.org\/{rel}","templated":true}]}}