{"id":129,"date":"2020-06-07T12:14:04","date_gmt":"2020-06-07T12:14:04","guid":{"rendered":"https:\/\/frmbad.ma\/?page_id=129"},"modified":"2020-06-15T11:13:45","modified_gmt":"2020-06-15T11:13:45","slug":"mco","status":"publish","type":"page","link":"https:\/\/frmbad.ma\/?page_id=129","title":{"rendered":"MCO"},"content":{"rendered":"\n<p class=\"has-text-align-center\"><span class=\"has-inline-color has-vivid-green-cyan-color\"><strong>MOULOUDIA CLUB OUJDA (MCO)<\/strong><\/span><\/p>\n\n\n\n<ol type=\"I\"><li><strong>Identit\u00e9 :<\/strong> MOULOUDIA CLUB OUJDA (MCO) : une section cr\u00e9\u00e9e en 2016 \u00e0 Oujda &nbsp;est affili\u00e9e \u00e0 la F\u00e9d\u00e9ration Royale Marocaine de Badminton depuis 2016.<\/li><\/ol>\n\n\n\n<ul><li><strong>M\u00e9tier :<\/strong> Encadrement de la pratique du sport de badminton en conformit\u00e9 avec les r\u00e8gles et l&#8217;\u00e9thique selon des dispositions juridiques et techniques en vigueur.<\/li><li><strong>Logo<\/strong><\/li><\/ul>\n\n\n\n<figure class=\"wp-block-image size-large is-resized\"><img loading=\"lazy\" src=\"https:\/\/frmbad.ma\/wp-content\/uploads\/2020\/06\/image-3.png\" alt=\"\" class=\"wp-image-553\" width=\"325\" height=\"320\"\/><\/figure>\n\n\n\n<ul><li><\/li><\/ul>\n\n\n\n<ul><li><strong>Mission : &nbsp;<\/strong><\/li><li>Vulgarisation de la pratique du Badminton<\/li><li>Participer \u00e0 la promotion du Badminton \u00e0 l\u2019\u00e9chelle nationale et internationale<strong>.<\/strong><\/li><\/ul>\n\n\n\n<ul><li><strong>Culture :&nbsp;<\/strong><\/li><li>Le club v\u00e9hicule une \u00e9thique du badminton bas\u00e9 sur le fair-play, la responsabilit\u00e9 des joueurs sur et en dehors du terrain, ainsi que le respect environnement.<\/li><\/ul>\n\n\n\n<ul><li><strong>Valeurs :<\/strong><\/li><li>Respect, Tol\u00e9rance, Plaisir, Fraternit\u00e9, G\u00e9n\u00e9rosit\u00e9<\/li><\/ul>\n\n\n\n<ul><li><strong>Objective:<\/strong><\/li><li>Encadrement de la pratique du sport de badminton&nbsp;<\/li><li>D\u00e9veloppement des comp\u00e9tences physique et morales des adh\u00e9rents<\/li><li>Participer dans les manifestations officielles et amicales au niveau local, r\u00e9gional et national ou international sous la supervision de la f\u00e9d\u00e9ration royale marocaine de Badminton<\/li><li>Organiser des excursions \u00e0 l\u2019int\u00e9rieur et \u00e0 l\u2019ext\u00e9rieur du pays<\/li><\/ul>\n\n\n\n<p>Si le Badminton a pr\u00e8s de 2000 ans, le MCO &#8211; Badminton f\u00eatera au d\u00e9but de l\u2019ann\u00e9e 2020 ses 4 ans d\u2019existence.<\/p>\n\n\n\n<ul><li><strong>Fondateurs :<\/strong><strong><\/strong><\/li><li>N\u00e9 de la volont\u00e9 d\u2019un groupe d\u2019enseignants d\u2019\u00e9ducation physique et sportive, de formateurs exp\u00e9riment\u00e9s et d\u2019amis aussi festifs que sportifs, le MCO -Badminton c\u2019\u00e9tait&nbsp; le premier club de badminton \u00e0 la r\u00e9gion d\u2019orientale .<\/li><\/ul>\n\n\n\n<ul><li><strong>Comite Directeur :<\/strong><\/li><\/ul>\n\n\n\n<p>Le club se dispose d\u2019une \u00e9quipe jeune et dynamique, soucieuse du d\u00e9veloppement d\u2019une bonne image de l\u2019association et tr\u00e8s ambitieuse au niveau sport<\/p>\n\n\n\n<figure class=\"wp-block-table\"><table><tbody><tr><td><strong>NOM \/PRENOM<\/strong><\/td><td><strong>MISSION<\/strong><\/td><\/tr><tr><td>DERKAOUI MOHAMMED<\/td><td>PRESIDENT<\/td><\/tr><tr><td>BERBAR HICHAM<\/td><td>1<sup>ER<\/sup> VICE PRESIEDENT<\/td><\/tr><tr><td>EZZERROUQI FARAH<\/td><td>2 EME&nbsp; VICE PRESIDENT<\/td><\/tr><tr><td>JAATAR RAJAE<\/td><td>SECRETAIRE GENERAL<\/td><\/tr><tr><td>EL NASSIRI CHAIMAE<\/td><td>SECRETAIRE GENERAL ADJOINT<\/td><\/tr><tr><td>DERFOUFI AHMED<\/td><td>TRESORIER<\/td><\/tr><tr><td>ABBOU ABDERAHIM<\/td><td>TRESORIER ADJOINT<\/td><\/tr><tr><td>BENABOU TARIK<\/td><td>CONSEILLER<\/td><\/tr><tr><td>EZZERROUQI MEHDI<\/td><td>CONSEILLER<\/td><\/tr><tr><td>EL FILALI &nbsp;MOHAMMED AMINE<\/td><td>CONSEILLER<\/td><\/tr><\/tbody><\/table><\/figure>\n\n\n\n<ul><li><strong>Les Cat\u00e9gories du Club :<\/strong><\/li><\/ul>\n\n\n\n<p>Pour les adh\u00e9rents sont r\u00e9partis en cat\u00e9gories d\u2019\u00e2ges selon les r\u00e8gles de participation dans les comp\u00e9titions nationales et internationales :<\/p>\n\n\n\n<figure class=\"wp-block-table\"><table><tbody><tr><td>CATEGORIE<\/td><td>NOMBRE<\/td><\/tr><tr><td>SENIORS HOMME<\/td><td>05<\/td><\/tr><tr><td>SENIORS FEMME<\/td><td>02<\/td><\/tr><tr><td>JUNIOR GARCONS<\/td><td>03<\/td><\/tr><tr><td>JUNIOR FILLES<\/td><td>02<\/td><\/tr><tr><td>CADET GARCONS<\/td><td>06<\/td><\/tr><tr><td>CADETTES FILLES<\/td><td>03<\/td><\/tr><tr><td>MINIMES GARCONS<\/td><td>10<\/td><\/tr><tr><td>MINIMES FILLELS<\/td><td>04<\/td><\/tr><tr><td>BENJAMINS GARCONS<\/td><td>06<\/td><\/tr><tr><td>BENJAMINES FILLES<\/td><td>03<\/td><\/tr><tr><td>POUSSINS GARCONS<\/td><td>04<\/td><\/tr><tr><td>POUSSINS FILLES<\/td><td>02<\/td><\/tr><\/tbody><\/table><\/figure>\n\n\n\n<figure class=\"wp-block-table\"><table><tbody><tr><td>GROUPE DE LOISIR<\/td><td>22<\/td><\/tr><\/tbody><\/table><\/figure>\n\n\n\n<ul><li><strong>Relation du club avec son environnement&nbsp;:<\/strong><\/li><\/ul>\n\n\n\n<p>Le club MCO Badminton a mis en place des moyens de communications pour rester connect\u00e9 \u00e0 son environnement \u00e0 travers :<\/p>\n\n\n\n<ul><li><strong>Cr\u00e9ation d\u2019une page Facebook qui regroupe \u00a0presque 2000 FANS<\/strong><ul><li><a href=\"https:\/\/www.facebook.com\/MCOBadminton\/\">https:\/\/www.facebook.com\/MCOBadminton\/<\/a><\/li><\/ul><ul><li><strong>Cr\u00e9ation d\u2019une Chaine Youtube :<\/strong><\/li><\/ul><ul><li><a href=\"https:\/\/www.youtube.com\/channel\/UCbC_gJTnkim6IptwwGabLMw\">https:\/\/www.youtube.com\/channel\/UCbC_gJTnkim6IptwwGabLMw<\/a><\/li><\/ul><\/li><\/ul>\n\n\n\n<ul><li><strong>Les projets  du club\u00a0: \u00a0<\/strong><\/li><\/ul>\n\n\n\n<p>Le MCO &nbsp;badminton a pour projet de promouvoir la pratique du sport de badminton dans la ville de OUJDA &nbsp;et sp\u00e9cifiquement dans les \u00e9tablissements scolaires, pour cela il a lanc\u00e9 un projet en partenariat avec les \u00e9coles priv\u00e9es de OUJDA nomm\u00e9 : <strong><em>MON CLUB \u2013 MON ECOLE <\/em><\/strong><strong>Quel public ?<\/strong><\/p>\n\n\n\n<p>La pratique du sport de badminton au club MCO est destin\u00e9e pour toutes les cat\u00e9gories d\u2019\u00e2ge et pour les deux sexes,  depuis sa cr\u00e9ation le club connait une \u00e9volution au niveau des adh\u00e9rents.<\/p>\n\n\n\n<ol type=\"A\"><li><strong>Adherents:<\/strong><\/li><\/ol>\n\n\n\n<figure class=\"wp-block-table\"><table><tbody><tr><td>Nombre total des adh\u00e9rents<\/td><td>72<\/td><\/tr><tr><td>Licenci\u00e9s filles<\/td><td>16<\/td><\/tr><tr><td>Licenci\u00e9s gar\u00e7ons<\/td><td>34<\/td><\/tr><tr><td>Groupe de loisir<\/td><td>22<\/td><\/tr><\/tbody><\/table><\/figure>\n\n\n\n<ul><li><strong>Staff:<\/strong><\/li><\/ul>\n\n\n\n<p>Les acteurs de l\u2019organisation sont de profils diff\u00e9rents et de comp\u00e9tences vari\u00e9s entre l\u2019entrainement, l\u2019encadrement, l\u2019animation, et conseil technique.<\/p>\n\n\n\n<figure class=\"wp-block-table\"><table><tbody><tr><td>NOM ET PRENOM<\/td><td>TACHE<\/td><td>STATUT<\/td><\/tr><tr><td>DERKAOUI MOHAMMED<\/td><td>Pr\u00e9sident du club<\/td><td>Professeur d\u2019EPS &nbsp;<\/td><\/tr><tr><td>ZEROUIL MOHAMMED<\/td><td>Conseiller technique<\/td><td>Master en Droit Fran\u00e7ais<\/td><\/tr><tr><td>RADI ABDELKADER<\/td><td>Directeur technique<\/td><td>Professeur agr\u00e9g\u00e9 et Formateur en EPS au CPR de TAZA<\/td><\/tr><tr><td>OUARTASSI&nbsp; BRAHIM<\/td><td>Pr\u00e9parateur physique<\/td><td>Dipl\u00f4me National Pr\u00e9parateur physique<\/td><\/tr><tr><td>TOUIL&nbsp; MOHAMMED&nbsp; AMINE<\/td><td>M\u00e9decin<\/td><td>&nbsp;M\u00e9decin G\u00e9n\u00e9raliste<\/td><\/tr><tr><td>SOUFI&nbsp; AHMED<\/td><td>Animateur&nbsp;<\/td><td>Professeur d\u2019EPS Dipl\u00f4me initiateur en badminton&nbsp;<\/td><\/tr><tr><td>BELHOUARI SOUKAINA<\/td><td>Animatrice<\/td><td>Dipl\u00f4me initiateur en badminton&nbsp;<\/td><\/tr><tr><td>N\u2019HAJI&nbsp; AYOUB<\/td><td>Animateur<\/td><td>&nbsp;Dipl\u00f4me initiateur en badminton&nbsp;<\/td><\/tr><\/tbody><\/table><\/figure>\n\n\n\n<ul><li><strong>Gestion des ressources humaines&nbsp;:<\/strong><\/li><\/ul>\n\n\n\n<p>Le Club MCO badminton a adopt\u00e9 une strat\u00e9gie de r\u00e9partition des personnels qui travaillent avec le club en tant que b\u00e9n\u00e9voles en des commissions avec des t\u00e2ches diff\u00e9rentes :<\/p>\n\n\n\n<figure class=\"wp-block-table\"><table><tbody><tr><td><strong>Commission Technique&nbsp;&nbsp;&nbsp;&nbsp;&nbsp;&nbsp;&nbsp;&nbsp;&nbsp;&nbsp;&nbsp;&nbsp;&nbsp;&nbsp;&nbsp;&nbsp;&nbsp;&nbsp;&nbsp;&nbsp;&nbsp;&nbsp;&nbsp;&nbsp;&nbsp;&nbsp;&nbsp;&nbsp;&nbsp;&nbsp;&nbsp;&nbsp;&nbsp;&nbsp;&nbsp;&nbsp;&nbsp;&nbsp;&nbsp;&nbsp;&nbsp;&nbsp;&nbsp;&nbsp;&nbsp;&nbsp;<\/strong> <strong>&nbsp;&nbsp;&nbsp;&nbsp;&nbsp;&nbsp;&nbsp;&nbsp;&nbsp;&nbsp;&nbsp;&nbsp; Formation et Stages<\/strong> <strong>&nbsp;<\/strong><\/td><td>BERBAR HICHAM \u2013 BRAHMI MUSTAFA<\/td><\/tr><tr><td><strong>Commission Comp\u00e9titions et Tournois&nbsp;&nbsp;&nbsp;&nbsp;&nbsp;&nbsp;<\/strong> <strong>&nbsp;&nbsp;&nbsp; <\/strong><strong><\/strong><\/td><td>ABBOU ABDERRAHIM \u2013 DERFOUFI AHMED<\/td><\/tr><tr><td><strong>Commission Animation et Manifestations&nbsp;&nbsp;&nbsp;&nbsp;&nbsp;&nbsp;<\/strong> <strong>&nbsp;<\/strong><\/td><td>JAATAR RAJAE &#8211; EL NASSIRI CHAIMAE<\/td><\/tr><tr><td><strong>Commission D\u00e9veloppement et&nbsp;&nbsp;&nbsp; Sponsoring<\/strong> <strong>&nbsp;<\/strong><\/td><td>TARIK BENABOU \u2013 OUARTASSI BRAHIM<\/td><\/tr><tr><td><strong>Commission Mat\u00e9riels et Equipements<\/strong>&nbsp;&nbsp;&nbsp;&nbsp;&nbsp;&nbsp;&nbsp;&nbsp;&nbsp;&nbsp;&nbsp;&nbsp;&nbsp;&nbsp;&nbsp;&nbsp;&nbsp;&nbsp;&nbsp;&nbsp;&nbsp;&nbsp;&nbsp;&nbsp;&nbsp;<\/td><td>EZZEROUQI MEHDI \u2013 EL FILALI MOHAMMED AMINE<\/td><\/tr><tr><td><strong>Commission M\u00e9dicale<\/strong> &nbsp;<\/td><td>TOUIL&nbsp; MOHAMMED&nbsp; AMINE&nbsp;&nbsp;<\/td><\/tr><tr><td><strong>Commission de Discipline&nbsp;&nbsp;&nbsp;&nbsp;&nbsp;&nbsp;&nbsp;<\/strong> <strong>&nbsp;&nbsp;&nbsp;&nbsp;&nbsp;&nbsp;&nbsp;&nbsp;&nbsp;&nbsp;&nbsp;&nbsp;&nbsp;&nbsp;&nbsp;&nbsp;&nbsp;&nbsp;&nbsp;&nbsp;&nbsp;&nbsp;<\/strong><\/td><td>EZZERROUQI FARAH \u2013 ZEROUIL MOHAMMED<\/td><\/tr><\/tbody><\/table><\/figure>\n","protected":false},"excerpt":{"rendered":"<p>MOULOUDIA CLUB OUJDA (MCO) Identit\u00e9 : MOULOUDIA CLUB OUJDA (MCO) : une section cr\u00e9\u00e9e en 2016 \u00e0 Oujda &nbsp;est affili\u00e9e \u00e0 la F\u00e9d\u00e9ration Royale Marocaine de Badminton depuis 2016. M\u00e9tier&hellip; <\/p>\n","protected":false},"author":1,"featured_media":0,"parent":0,"menu_order":0,"comment_status":"closed","ping_status":"closed","template":"","meta":[],"_links":{"self":[{"href":"https:\/\/frmbad.ma\/index.php?rest_route=\/wp\/v2\/pages\/129"}],"collection":[{"href":"https:\/\/frmbad.ma\/index.php?rest_route=\/wp\/v2\/pages"}],"about":[{"href":"https:\/\/frmbad.ma\/index.php?rest_route=\/wp\/v2\/types\/page"}],"author":[{"embeddable":true,"href":"https:\/\/frmbad.ma\/index.php?rest_route=\/wp\/v2\/users\/1"}],"replies":[{"embeddable":true,"href":"https:\/\/frmbad.ma\/index.php?rest_route=%2Fwp%2Fv2%2Fcomments&post=129"}],"version-history":[{"count":3,"href":"https:\/\/frmbad.ma\/index.php?rest_route=\/wp\/v2\/pages\/129\/revisions"}],"predecessor-version":[{"id":1741,"href":"https:\/\/frmbad.ma\/index.php?rest_route=\/wp\/v2\/pages\/129\/revisions\/1741"}],"wp:attachment":[{"href":"https:\/\/frmbad.ma\/index.php?rest_route=%2Fwp%2Fv2%2Fmedia&parent=129"}],"curies":[{"name":"wp","href":"https:\/\/api.w.org\/{rel}","templated":true}]}}